106?
5225
In base 11, what is -7 - -4965201?
49651a5
In base 4, what is 22031231 - 23332?
22001233
In base 5, what is 344 - -22243242?
22244141
In base 14, what is -5c91d - -71?
-5c88c
In base 10, what is -14957 - 341?
-15298
In base 11, what is 21090 + -353?
20838
In base 6, what is -513042350 - -24?
-513042322
In base 11, what is -43 - 76909?
-76951
In base 8, what is 574 + 126?
722
In base 11, what is 38 - -220375?
220402
In base 6, what is -2002 - 3320010?
-3322012
In base 9, what is 31107 - -1216?
32324
In base 15, what is 5b - 6de1b?
-6ddb0
In base 2, what is 11001010 + -110011000110101?
-110010101101011
In base 10, what is 122003955 - -3?
122003958
In base 14, what is -1ca3 + 558?
-1749
In base 6, what is -15204 + -10455?
-30103
In base 11, what is 0 + -1516919?
-1516919
In base 10, what is -2005 + -1946?
-3951
In base 14, what is -4a30c + 109?
-4a203
In base 14, what is -ad3662 + 4?
-ad365c
In base 16, what is 96efa - 10?
96eea
In base 14, what is -146 + 1b9275?
1b912d
In base 11, what is -7500 - 101?
-7601
In base 9, what is 13170473 - 8?
13170464
In base 6, what is 21344 - -30554?
52342
In base 13, what is 160b6874 - 0?
160b6874
In base 4, what is -103310232020 + -103?
-103310232123
In base 11, what is -10757 + -5902?
-16559
In base 4, what is -3010133 - 2130011?
-11200210
In base 11, what is -196 + 159868?
159682
In base 13, what is -5902679 - -a?
-590266c
In base 15, what is 5 + -14391c?
-143917
In base 8, what is -1327116 + -347?
-1327465
In base 2, what is -101100000010000000 - 100110001110?
-101100101000001110
In base 10, what is 18200 + 138?
18338
In base 11, what is 2947a31 - a3?
2947939
In base 15, what is 1ee75c + 27?
1ee784
In base 9, what is 34 - 5321608?
-5321564
In base 5, what is 1132104 + 2330?
1134434
In base 5, what is -22424 - 130302441?
-130330420
In base 4, what is 113 + -121210032?
-121203313
In base 12, what is -19 + 627b44?
627b27
In base 10, what is 5 - -6319456?
6319461
In base 14, what is -142941b8 - -2?
-142941b6
In base 13, what is -7125b + -64?
-712c2
In base 16, what is 381 + -a50?
-6cf
In base 15, what is -1 - 243021?
-243022
In base 13, what is 86 + -23a96?
-23a10
In base 16, what is 15 - 23537?
-23522
In base 11, what is 237 + -1547219?
-1546a92
In base 15, what is -2e5a51 - 0?
-2e5a51
In base 14, what is -7 + -a16c3?
-a16ca
In base 14, what is 1117a + -1115?
10065
In base 9, what is 28867 + -215?
28652
In base 11, what is 3 - -96a76a?
96a772
In base 4, what is -113 - 113330002311?
-113330003030
In base 7, what is 12 - -40336101?
40336113
In base 7, what is 644 + 132324?
133301
In base 8, what is 2772643 - -103?
2772746
In base 5, what is 11004004 + 10014?
11014023
In base 9, what is -727 - 363?
-1201
In base 16, what is 2a6d - -8c?
2af9
In base 5, what is -1022 + 14111120?
14110043
In base 7, what is 530 - 53424?
-52564
In base 9, what is 706428407 - 0?
706428407
In base 3, what is 10211002101222 - 111?
10211002101111
In base 14, what is -abc76b + -1d?
-abc78a
In base 10, what is -106 - -168232?
168126
In base 5, what is 1121 + -33121444?
-33120323
In base 13, what is -481956c + -2?
-4819571
In base 4, what is 131333 - 1332?
130001
In base 5, what is -1333412 - 14?
-1333431
In base 11, what is 1a503 - -aa9?
20501
In base 6, what is 2123020051 + 11?
2123020102
In base 15, what is 4 + 1eb0a8?
1eb0ac
In base 14, what is 250 - -4b25?
4d75
In base 11, what is 15 - -2125486?
21254a0
In base 14, what is -17d + -9846?
-99c5
In base 13, what is 1 + -64caca2?
-64caca1
In base 10, what is 27261272 - 1?
27261271
In base 9, what is -3382 - -165208?
161716
In base 14, what is -32a46 + 2?
-32a44
In base 14, what is 4891 - -25?
48b6
In base 10, what is 52580 - -523?
53103
In base 16, what is 0 + 26dd1e?
26dd1e
In base 3, what is -21120010011 - 101021?
-21120111102
In base 16, what is -541 + 215a?
1c19
In base 2, what is 100100101 + -101111111010001100100?
-101111111001100111111
In base 11, what is 4342933 - 4?
434292a
In base 4, what is -1120013 - 3323?
-1130002
In base 6, what is 31 + -302130033?
-302130002
In base 5, what is -3244 - 112022400?
-112031144
In base 11, what is -100a + 52683?
51674
In base 2, what is -101000010101010011111 - -1010011?
-101000010101001001100
In base 8, what is 2 - 6423446?
-6423444
In base 7, what is -4306 + 23422?
16113
In base 6, what is -1314 - 332031?
-333345
In base 3, what is 111212111 + 21211110000?
22100022111
In base 11, what is -64818 - a18?
-65735
In base 9, what is -1133160 - 650?
-1133820
In base 7, what is 12 + -55024?
-55012
In base 14, what is 4ac1c - 15?
4ac07
In base 13, what is -1394 - -57a1?
440a
In base 16, what is -1463 + 82?
-13e1
In base 13, what is -348ca - 19c3?
-365c0
In base 4, what is -202 + -11203103122?
-11203103330
In base 2, what is 11011011000010 - 10100001100100?
111001011110
In base 12, what is 8 - -20a9a27?
20a9a33
In base 8, what is -16542626 + 5?
-16542621
In base 15, what is 8e819b5 - 1?
8e819b4
In base 14, what is -606 + -2a78?
-3280
In base 4, what is -203 + -10033002302?
-10033003111
In base 11, what is -5952 + -26?
-5978
In base 4, what is -20022 + -1003330?
-1030012
In base 15, what is 194565 - -4?
194569
In base 12, what is -47 + 15328?
152a1
In base 5, what is 10 - 243324422?
-243324412
In base 10, what is 4 - 8027073?
-8027069
In base 15, what is -1 - -15de0108?
15de0107
In base 3, what is -121211 - 220001211110?
-220002110021
In base 16, what is 709e45 - 7?
709e3e
In base 16, what is -85364a - 1?
-85364b
In base 10, what is -6 - 647141?
-647147
In base 6, what is -2254 - 5112350?
-5115044
In base 10, what is -6 - 5066528?
-5066534
In base 15, what is 26a8ed1 + 8?
26a8ed9
In base 15, what is 3 - -e0270?
e0273
In base 9, what is -6805 - -184856?
177051
In base 6, what is -4 - -444020030?
444020022
In base 14, what is 8dc + 84817?
85315
In base 5, what is 403 + 320312103?
320313011
In base 8, what is 146 - -1316340?
1316506
In base 16, what is 8d4 - 843?
91
In base 8, what is -1730101 + -1322?
-1731423
In base 5, what is 142 + -132444?
-132302
In base 13, what is -ab5 - 6b9c9?
-6c7b1
In base 5, what is -31214212 + 211?
-31214001
In base 12, what is 1 + -1600a6?
-1600a5
In base 14, what is 1d14 - -32d4?
5208
In base 4, what is -20212103211 + 1?
-20212103210
In base 6, what is -102025 - -12123?
-45502
In base 3, what is 100102 + 22110201002?
22111001111
In base 6, what is 2302005004 - -2?
2302005010
In base 8, what is -467622 - 30?
-467652
In base 10, what is -5 + 113951782?
113951777
In base 5, what is 122343 + 2104402?
2232300
In base 13, what is -3868403 + c?
-38683c4
In base 5, what is -12430 - 101302?
-114232
In base 5, what is -20412 + -111121?
-132033
In base 11, what is -4a5 - 28406?
-28900
In base 2, what is 1001 + -1110011101010100101101010?
-1110011101010100101100001
In base 10, what is 0 + -3188319?
-3188319
In base 15, what is -ce + 1d5ad?
1d4ce
In base 14, what is 288967c - -5?
2889683
In base 13, what is 1675 + -5317?
-3972
In base 4, what is -11 + -1010310003220?
-1010310003231
In base 4, what is 0 - -332322302?
332322302
In base 10, what is 168 - -426987?
427155
In base 16, what is -22a08 - 51?
-22a59
In base 9, what is 15648753 - 11?
15648742
In base 10, what is 2340894 - 2?
2340892
In base 16, what is -75 + e599?
e524
In base 10, what is 283962821 + -4?
283962817
In base 7, what is 1 - -456422443?
456422444
In base 3, what is 12 - 1202101222111022?
-1202101222111010
In base 3, what is -1002222002112111 - -102?
-1002222002112002
In base 10, what is -7 - -149657360?
149657353
In base 13, what is 997802 - -48?
99784a
In base 5, what is 31242 + -34003?
-2211
In base 6, what is -130545 + -102124?
-233113
In base 7, what is -623640555 - 5?
-623640563
In base 13, what is 0 - 1b47796?
-1b47796
In base 16, what is -1b4 - 1c465?
-1c619
In base 11, what is -24666 - 8a?
-24745
In base 15, what is -e70ce - -e?
-e70c0
In base 4, what is 3 - -32131030033?
32131030102
In base 6, what is -230 - -515354315?
515354045
In base 16, what is 3 - 5dfb6dc?
-5dfb6d9
In base 14, what is 47 - d2011?
-d1da8
In base 15, what is -205 + -393c?
-3b42
In base 16, what is -1688e88 - 10?
-1688e98
In base 6, what is 531 + -22311433?
-22310502
In base 9, what is -21615 + -3770?
-25485
In base 2, what is 1000 + 111100100110110100011?
111100100110110101011
I